. Calculate the greatest common factor of h and 1917.
71
Let m(c) = -47*c + 6898. Let i be m(146). What is the greatest common factor of i and 306?
18
Suppose -16*y + 13565 - 12445 = 0. Calculate the highest common factor of y and 8680.
70
Let q be (1 - 46)/(-9)*28/(-2). Let u = q + 88. Let t = 375 - 213. Calculate the greatest common factor of u and t.
18
Suppose 2*w - j = 13, 0 = -148*j + 146*j - 2. Calculate the highest common divisor of 2284 and w.
2
Let b = 163 + -136. Suppose z = -2*z + b. What is the greatest common factor of 63 and z?
9
Let y = 965 - -3050. Calculate the greatest common divisor of 275 and y.
55
Let l(b) = -7*b**2 - 8 - 65*b + 24*b**2 - 9*b**2 - 2*b**2. Let j be l(13). What is the highest common divisor of j and 46?
23
Suppose 0 = -121*g + 125*g + 2*v - 1624, v - 1628 = -4*g. What is the highest common divisor of 1275 and g?
51
Suppose 9075 = -26*g + 59*g. What is the highest common factor of 22 and g?
11
Let v = -77781 - -78269. Suppose -57 + 17 = -5*f. What is the highest common divisor of f and v?
8
Suppose -3*d + 144 = d. Suppose 0 = 46*z - 43*z - 5*i - 323, 0 = 4*i - 20. Let p = -114 + z. What is the greatest common factor of d and p?
2
Let w be (-1977)/1318*1/(1/(-114)). Calculate the greatest common factor of 9 and w.
9
Let z = 196 - 191. Suppose 2*h = -2*h - 5*g + 124, -5*h + 150 = z*g. Calculate the greatest common factor of 104 and h.
26
Let d = -6309 - -6391. Calculate the greatest common factor of d and 14.
2
Let p(r) = 5*r**2 + 68*r - 24. Let j be p(-14). Suppose 339 = j*a + 3*i, -4*a = 2*i - 296 - 46. Calculate the highest common divisor of 783 and a.
87
Let u be (-28 + 15)*49266/(-897). Let n(i) = -41*i + 1. Let b be n(-1). What is the greatest common factor of b and u?
42
Let n(i) = 1122*i - 2259. Let j be n(3). Calculate the greatest common factor of 82 and j.
41
Suppose 0 = 12*y - 2317 - 3635. Let h = -172 + y. What is the highest common factor of 27 and h?
27
Let s = 5108 - 5093. Calculate the greatest common divisor of s and 264.
3
Let x(r) be the second derivative of r**3/3 + 3*r**2/2 - 35*r. Let l be x(-2). Let f be l/((-71)/(-18) - 4). What is the highest common divisor of f and 198?
18
Let j(d) = -d**2 + 9*d - 18. Let t be j(6). Suppose t = 64*h - 68*h + 28. Calculate the greatest common divisor of h and 7.
7
Suppose v = -3*z + 87, 17*z - 20*z + 87 = -5*v. Suppose -4*m + 42 = -m. Let a(l) = l + 15. Let o be a(m). Calculate the greatest common factor of o and z.
29
Suppose 4368*w + 52530 = 786354. Let y(l) = 3*l**2 + l. Let m be y(-3). Calculate the highest common divisor of m and w.
24
Let l(x) = 11*x**2 - 9*x + 18. Let u be l(-9). Let s(y) = -253*y - 946. Let r be s(-4). Calculate the greatest common factor of r and u.
66
Suppose -4*t + 4*u + 788 = 0, 2*t + 4*u = 399 + 13. Calculate the highest common factor of 540 and t.
20
Let f be (25/(550/(-1584)))/(3/(-2)). What is the greatest common divisor of 678 and f?
6
Suppose 7*c + 699*l = 704*l + 401220, -c + 57336 = 4*l. What is the highest common factor of c and 10?
10
Let n = -24 + 44. Let m(g) = -g**3 - 12*g**2 - 28*g - 2. Let k be m(-9). Suppose k*h - 165 = -25. Calculate the highest common divisor of h and n.
20
Let f = -29 - -119. Suppose -11*y - f = -17*y. Calculate the highest common divisor of y and 15.
15
Let m(q) be the first derivative of q**3/3 - 11*q**2 - 51*q - 8. Let c be m(27). Calculate the highest common divisor of 28 and c.
28
Let o be (28500/144 + (-4)/(-12))*4. What is the highest common factor of 26 and o?
13
Let h(n) = 13*n - 48. Let y be h(4). Suppose 0 = 3*t - y*c - 688, 1732 = 5*t - c + 591. What is the highest common divisor of 24 and t?
12
Let x be (286*(-2 + -3))/(-7 + -9 - -15). Calculate the greatest common factor of 44 and x.
22
Suppose 299 = -20*a + 43*a. Let w = 4 + 48. Calculate the highest common divisor of a and w.
13
Let b be (-36)/5*(-325)/(-30)*-3. Let j = b - 363. Let r = 269 + j. Calculate the greatest common divisor of r and 20.
20
Let y(i) = i**3 - 109*i**2 + 283*i + 257. Let c be y(107). Calculate the greatest common factor of 60 and c.
20
Let g = 82 - 77. Suppose -6*z = -5*z. Suppose w = -4*p + 14, 95 = -z*w + 5*w - g*p. What is the greatest common divisor of 24 and w?
6
Let m be (0 + 45/(-2))*(-49)/(4410/4464). What is the highest common divisor of 682 and m?
62
Let j(p) = p**2 + 10*p - 1. Let l be j(-12). Suppose -l*y + 12 = -29*y. Let n be ((-525)/(-84))/(y/(-8)). Calculate the highest common factor of n and 15.
5
Let f(u) = -18*u - 332. Let b be f(-19). Let h be (b - 2) + (9 - -1151). Calculate the greatest common factor of 16 and h.
16
Suppose 0 = 4*y - 5*z - 90, 2*y + 7*z = 3*z + 58. Let l be (42/(-7))/3*(-18)/4. Let i be -15*120/l*-1. What is the greatest common factor of i and y?
25
Suppose 4*n = 2*y - 9234, 5*y - 27*n = -32*n + 23220. What is the greatest common factor of 54 and y?
9
Let v(o) = -38*o - 134. Let h be v(-10). Calculate the greatest common divisor of 615 and h.
123
Let b be 4 - -1933 - (-4 + 10). Let o = b - 1281. What is the highest common factor of 26 and o?
26
Let x be (-9)/4*1480/(-555). Calculate the greatest common divisor of x and 3207.
3
Let i(f) = -2*f - 14. Let n be i(18). Let s be (-469)/(-4) + n/200. What is the greatest common factor of s and 39?
39
Let o be (22/(-14))/(260/(-1820)). Suppose 2*f + f = 264. Let d = 132 - f. Calculate the greatest common factor of o and d.
11
Suppose -3*f = -12 - 35 - 55. Let g = 2 - 2. Let h be (g + -85)/(-1 - 0). What is the highest common factor of h and f?
17
Suppose 0 = -34*r + 33*r - 58. Let i be (r/(-4))/((-12)/(-72)). Let p(c) = -7*c - 6. Let h be p(-5). Calculate the greatest common divisor of i and h.
29
Let n(i) = 9 + 0 - 4 + 81*i + 30 + 19. Let g be n(3). Let l = 64 - 37. What is the greatest common divisor of l and g?
27
Let p = 125 + -111. Let a(o) = 9*o - 37. Let q be a(p). What is the greatest common factor of 801 and q?
89
Let i be 20/(-50) + ((-10576)/(-10))/4. Suppose 0*y + i = 8*y. Calculate the greatest common divisor of 9 and y.
3
Let i be -4*(-5)/10 + -4. Let q be i/(-8) - (-930)/24. Calculate the highest common factor of 156 and q.
39
Let l(s) = -s**2 - 195*s + 3844. Let y be l(18). Calculate the highest common factor of y and 186.
2
Let y(n) = n**2 - 54*n + 206. Let v be ((-6)/(-1))/6 + 49. Let z be y(v). Calculate the highest common divisor of 174 and z.
6
Suppose 0 = 4*f - 4*w - 52, 0 = -2*f - w - 2*w + 11. Suppose 36*k - 40*k + 11 = -3*c, -k - 4 = -3*c. Calculate the greatest common factor of f and k.
5
Let x = 13937 - 13211. Calculate the highest common factor of x and 132.
66
Suppose 97*y = 99*y - 7682. Calculate the highest common factor of 167 and y.
167
Let u = -5775 + 14667. Calculate the highest common factor of u and 39.
39
Let y be (52/130)/((-1)/(-30)). Let n(a) = 14*a + 1. Let o be n(1). Suppose y*h - o*h = -6. What is the highest common divisor of 9 and h?
1
Let r = -13449 + 16492. What is the highest common divisor of 85 and r?
17
Let q(x) = -x**3 + 22*x**2 - 37*x + 83. Let u be q(20). What is the highest common divisor of 1300 and u?
13
Suppose -d - 222 = -679*n + 676*n, -2*n = 2*d - 164. What is the highest common factor of 4218 and n?
38
Let c be (0 - -1 - -14)/((-151)/(-453)). What is the highest common divisor of 117 and c?
9
Let u(g) = -348*g + 358. Let h be u(1). Calculate the greatest common factor of h and 30.
10
Suppose -207 = -7*t - 32. Calculate the highest common divisor of t and 340.
5
Let s be (-1)/(-2)*(-3 - -3). Suppose s = -5*m - 0*m + 440. Suppose 0*b + 4*b - m = 0. What is the highest common divisor of 11 and b?
11
Let i(y) = -12*y - 10. Let s = 154 + -97. Suppose 0 = -4*j - s + 45. Let b be i(j). What is the greatest common factor of 39 and b?
13
Let r be 12/(-1092)*-793 - (4/14)/(-1). What is the greatest common divisor of r and 11520?
9
Let y = 14448 + -7520. Calculate the greatest common divisor of 8 and y.
8
Suppose -2*r + 83 - 75 = 2*d, -5*d + 20 = -2*r. Suppose -q - 3 = r, -18*k - 3*q + 21 = -16*k. What is the greatest common factor of k and 105?
15
Suppose -4*b - 24 = -2*a + 4*a, -b - 62 = 4*a. Let d be (-16 - 0 - 0) + (-64)/a. Let j be (60/9)/(d/(-54)). What is the greatest common divisor of j and 30?
30
Let y(x) = -6 - x**2 - 12 + 0 - x + 14*x. Let o be y(11). 